3
-10102202000200
What is -36642 (base 13) in base 11?
-69099
What is -99a09 (base 11) in base 16?
-23647
Convert -183442 (base 11) to base 12.
-117726
1112203123 (base 5) to base 15
338c5d
-246ba (base 15) to base 16
-1c633
-152557 (base 9) to base 13
-338b0
What is 505542542 (base 6) in base 7?
133513433
Convert 312133331 (base 4) to base 5.
24120404
261563 (base 11) to base 4
1210210301
216c1 (base 14) to base 5
10042141
What is 610488 (base 11) in base 15?
145c52
What is -b41159 (base 12) in base 5?
-1210301122
-1250791 (base 11) to base 5
-1023332230
What is 374432 (base 8) in base 16?
1f91a
-266453 (base 8) to base 14
-260d5
What is -111001111011111110 (base 2) in base 11?
-152327
-1030213222 (base 4) to base 16
-4c9ea
What is -22122111000 (base 4) in base 6?
-134255320
What is -374660 (base 8) in base 9?
-216520
What is -64423212 (base 7) in base 2?
-10100111011000111011100
-32322414 (base 6) to base 7
-11104513
Convert -2312440102 (base 5) to base 12.
-18aa87b
-11010000011010010000 (base 2) to base 13
-23b723
What is 3a64a2 (base 16) in base 7?
44345666
-1c7339 (base 14) to base 11
-636378
-104202243 (base 5) to base 7
-3623141
-a84675 (base 16) to base 10
-11028085
33207 (base 11) to base 8
136045
-1041221 (base 5) to base 8
-43607
Convert -1138962 (base 11) to base 7.
-22620624
Convert 13002200102 (base 4) to base 2.
111000010100000010010
Convert -1802162 (base 10) to base 11.
-1020a9a
Convert -1101110000001110010 (base 2) to base 4.
-1232001302
What is 6a0e0 (base 15) in base 9?
564223
-53117 (base 8) to base 9
-33270
-262830 (base 9) to base 6
-3230513
-33260 (base 7) to base 14
-30a0
Convert -218776 (base 9) to base 2.
-100000000000110111
838840 (base 10) to base 11
523262
119378c (base 14) to base 8
40102660
What is -10001111000000100 (base 2) in base 3?
-10201102212
-3a5ab1 (base 14) to base 15
-29b8b2
999ab (base 12) to base 7
1505411
Convert 71254 (base 11) to base 5.
11312434
What is 2702a (base 14) in base 2?
10111011101001110
1000001010000111110 (base 2) to base 5
32023301
Convert -411053 (base 6) to base 8.
-77611
Convert -1054543 (base 7) to base 6.
-2451514
Convert -1515a05 (base 11) to base 5.
-1131134302
What is 141542455 (base 6) in base 2?
1011000001101111000011
-31522402 (base 6) to base 2
-11100010101100000010
235453 (base 7) to base 5
2332031
What is 103a98 (base 14) in base 12?
225272
4020444 (base 6) to base 5
22030023
Convert 20155343 (base 6) to base 3.
1002020020000
What is 13145126 (base 7) in base 4?
10212013031
Convert -425155 (base 7) to base 13.
-277b7
Convert 1001001011001101000 (base 2) to base 14.
7b7cc
What is 2511463 (base 9) in base 16?
14d726
-630724 (base 8) to base 10
-209364
-e53d (base 16) to base 7
-333044
What is -1001111000010001101 (base 2) in base 8?
-1170215
What is 8066 (base 16) in base 6?
412102
-210211101220 (base 3) to base 2
-1101000111001101011
-4a3d4 (base 15) to base 11
-152178
-1063581 (base 9) to base 4
-2030000200
What is -1283668 (base 9) in base 6?
-23034442
-18699c (base 13) to base 11
-38a84a
1001200212210111 (base 3) to base 8
72135025
625499 (base 11) to base 8
3646523
-4644c8 (base 13) to base 14
-3152bc
-2111222111 (base 3) to base 5
-3041213
-222122020111 (base 3) to base 8
-2000046
-3134104241 (base 5) to base 8
-30772053
12001102212212 (base 3) to base 9
5042785
Convert -1364a0 (base 11) to base 4.
-310020302
-13665 (base 11) to base 2
-100101111100111
Convert -253ba (base 16) to base 8.
-451672
239081a (base 11) to base 9
7738107
What is 137600 (base 8) in base 6?
1014544
a260c (base 16) to base 7
5440032
What is 7226 (base 9) in base 8?
12251
What is -11100333 (base 4) in base 12?
-10593
What is 21202001010112 (base 3) in base 7?
46654556
Convert 49957 (base 11) to base 5.
4243234
877793 (base 14) to base 8
21411125
What is 83124 (base 15) in base 3?
210002210121
169a0c (base 13) to base 16
89ba6
2112233330 (base 4) to base 9
1141005
Convert -12122222 (base 3) to base 10.
-4130
What is -4445383 (base 9) in base 2?
-1001001000000001100111
Convert 1348610 (base 10) to base 13.
382ac3
What is -22162384 (base 9) in base 2?
-101000111011011000110100
-302006 (base 8) to base 2
-11000010000000110
What is 1010111001100110110 (base 2) in base 16?
57336
What is -1f6be (base 16) in base 3?
-20112112202
Convert 410211 (base 8) to base 6.
2522225
Convert -1001020210 (base 3) to base 8.
-50163
Convert -1b547 (base 15) to base 10.
-88942
What is 161232 (base 7) in base 6?
402353
What is 313525122 (base 6) in base 13?
11a8051
What is 224313 (base 8) in base 3?
10212020001
750a3 (base 12) to base 13
55098
What is 2042527 (base 9) in base 4?
10022113012
What is 5705230 (base 8) in base 12?
6249b4
719435 (base 10) to base 15
e3275
Convert -12aa51 (base 12) to base 14.
-808d7
Convert -1dce3 (base 15) to base 5.
-11104123
-2643542 (base 7) to base 9
-578048
Convert 1100011321 (base 4) to base 2.
1010000000101111001
Convert 56454410 (base 8) to base 9.
24873341
-11240140 (base 7) to base 13
-28614a
-1332d (base 16) to base 10
-78637
What is 1202113020 (base 4) in base 8?
1422710
What is 101442 (base 6) in base 12?
4882
-23118 (base 9) to base 13
-7022
Convert -22233102111 (base 4) to base 6.
-140200553
What is 18c8e6 (base 15) in base 7?
13154430
What is -112022402 (base 5) in base 9?
-844055
Convert 92542 (base 14) to base 13.
c4459
What is 1334085 (base 11) in base 2?
1000110010100000110110
What is 45125035 (base 7) in base 11?
2228508
What is 6831210 (base 9) in base 4?
32002311111
4325410 (base 6) to base 13
763c2
1aa7ab (base 12) to base 6
14101135
22010 (base 13) to base 6
1152505
100845 (base 9) to base 3
10000221112
-1dadc6c (base 14) to base 16
-e40528
Convert 518bba (base 12) to base 10.
1280446
Convert 30142314 (base 5) to base 6.
5052354
-32103120 (base 4) to base 3
-2222100210
What is 10004483 (base 9) in base 14?
8c83b6
13133103 (base 4) to base 3
1120002010
What is 124770 (base 9) in base 5?
4410332
What is -6927593 (base 10) in base 4?
-122123103221
Convert 1050514 (base 6) to base 13.
1b370
Convert -530c6 (base 13) to base 3.
-21121011012
Convert -112121200221 (base 3) to base 9.
-477627
Convert 757998 (base 11) to base 9.
2245248
What is -12444021243 (base 5) in base 12?
-528a05b
-1404247 (base 8) to base 12
-170a07
Convert -13100223221 (base 4) to base 16.
-1d0ae9
What is 789045 (base 14) in base 9?
7633738
2109725 (base 10) to base 3
10222011222222
-140426 (base 8) to base 14
-1402a
21112002011220 (base 3) to base 12
1409273
-7631207 (base 8) to base 2
-111110011001010000111
What is 10101122220 (base 3) in base 14?
1a4d0
-101001100101001 (base 2) to base 9
-32174
-2002202221010 (base 3) to base 11
-6a3665
-3f7dd (base 16) to base 9
-435656
-853213 (base 9) to base 7
-4212522
Convert 47c72 (base 16) to base 13.
a3a87
-24058 (base 13) to base 12
-32227
What is 70513 (base 13) in base 4?
301001110
90419 (base 13) to base 5
31221442
Convert 321322120 (base 4) to base 14.
62636
-60416152 (base 7) to base 14
-946c99
What is -101010111001000100001 (base 2) in base 11?
-87aa53
-17418a (base 11) to base 5
-32102311
Convert -6250103 (base 10) to base 9.
-12675468
What is 557a3a4 (base 11) in base 4?
211103202012
3104341 (base 8) to base 9
1481757
What is 233333133121 (base 4) in base 8?
57773731
467050 (base 15) to base 7
40413231
Convert 2d159 (base 14) to base 10.
112779
Convert 3555a (base 13) to base 16.
17d34
11001001110101010 (base 2) to base 4
121032222
98739 (base 10) to base 13
35c34
What is 12152 (base 13) in base 2?
1000000110100111
What is -530763 (base 9) in base 2?
-1001101000010100000
What is 133105150 (base 7) in base 11?
4949610
What is -23246675 (base 8) in base 14?
-95c3b7
What is 125520 (base 7) in base 4?
11300133
Convert 110210000130 (base 4) to base 6.
311311220
-1006606 (base 7) to base 15
-25857
122220022010 (base 3) to base 15
6e5d6
-433651 (base 14) to base 4
-20223222313
-11254115 (base 6) to base 9
-582422
What is -32c9c (base 14) in base 5?
-12420401
What is 71882 (base 13) in base 15?
404c2
18a0965 (base 11) to base 10
3207539
20211320331 (base 4) to base 16
225e3d
1352222 (base 6) to base 7
440303
Convert -873821 (base 12) to base 8.
-10127731
2aa37 (base 13) to base 16
13bbc
-130563b (base 14) to base 16
-8bbd45
Convert -1011011001100010